emainder when g is divided by 19.
17
Let d(h) = h - 1. Let k be d(3). Suppose 0 = -n + k*n. Suppose n = x - 4*x - 4*f + 78, 5*f = 0. Calculate the remainder when 51 is divided by x.
25
Let j be 9/(-2) + (-2)/4. What is the remainder when 0/(-1) + 23 + j is divided by 10?
8
Let i(l) = -l**2 - 24*l + 64. Calculate the remainder when i(-19) is divided by 16.
15
Suppose 28 = r - s, -5*r - s = -0*s - 158. Let z = r - 71. Let d = 56 + z. Calculate the remainder when 30 is divided by d.
14
Let n = 1 + 2. What is the remainder when 5 is divided by (-3)/(n + (-27)/6)?
1
Let j = 13 + -18. Let i be j/((-15)/9) + 2. Suppose i*m + 7 = 57. Calculate the remainder when m is divided by 6.
4
Let n be (-12)/(0 - 3)*-1. Let j(s) = -5*s + 3. Calculate the remainder when 10*2*(-9)/(-4) is divided by j(n).
22
Suppose 0*m - 2*m + 26 = 0. Calculate the remainder when 50 is divided by m.
11
Suppose -2*x = -0*x - 6. Suppose 8*i - x*i = 2*w - 52, i = 2*w - 52. Let r = w + -11. What is the remainder when 28 is divided by r?
13
Let n(r) = 4*r**2 - 24*r - 3. What is the remainder when n(7) is divided by -7*4*2/(-4)?
11
Suppose -5*y = -0*y - 110. Calculate the remainder when 942/y - 8/(-44) is divided by 23.
20
Suppose k - d = -0*d + 4, 2*d = -3*k + 7. Suppose 4*s + 4 = 2*s, -j = -2*s. Let o = j - -8. What is the remainder when o is divided by k?
1
Suppose -5*v = -0*w - 4*w - 254, -3*v + 2*w + 154 = 0. What is the remainder when v is divided by 14?
12
Suppose 2*o = -2*h - 4, -3*o + 4 = o + h. What is the remainder when -1 + 1 + 8/1 is divided by o?
0
Let c = -268 + 273. Calculate the remainder when 17/(-2*(-2)/4) is divided by c.
2
What is the remainder when 105 is divided by ((-190)/(-25) + -4)/((-2)/(-10))?
15
Suppose 0 = -4*x - 3*t - 17 + 181, 0 = t. What is the remainder when x is divided by 15?
11
Let m = 1 + 5. Suppose -3*h + 204 = 4*w, 0 = -2*w - 2*h + m*h + 80. What is the remainder when w is divided by 17?
14
Suppose 2*l + 36 = 2*m, 2*m - 5*l - 30 = 18. What is the remainder when 33 is divided by m?
5
Let d(m) = -m + 4. Let y be d(5). What is the remainder when 54 is divided by -1*((0 - y) + -29)?
26
Let k be 1 + 4/(7 - 3). Suppose 4*v = h + 4, -4*v = h - 10 - k. Calculate the remainder when 18 is divided by h.
2
What is the remainder when (-6)/(-4)*616/21 is divided by 9?
8
Let l = 4 + -8. Let z(g) be the second derivative of -g**3/3 + 5*g**2/2 + g. What is the remainder when 25 is divided by z(l)?
12
Let c(a) = -6*a - 19. Calculate the remainder when c(-21) is divided by 18.
17
Suppose 0 = 2*b + 2*h + 24, -b + 3*h + 4 = -0. Let o = -18 - -26. What is the remainder when 7/(-3)*(b + 2) is divided by o?
6
Let i = 14 + -4. What is the remainder when 15 is divided by i?
5
Let b(c) = 1 - c - 5*c - 2 + 5*c**2. What is the remainder when 75 is divided by b(3)?
23
Suppose -3*x = -6*x + 15. Suppose 20 = -5*w, -2*w + 0 = 3*f + 2. Calculate the remainder when x is divided by -3 - (-4)/f - -4.
2
Let z = -3 - -1. What is the remainder when 54 is divided by 12 + z + 4/1?
12
Let p(z) = -z**3 + 6*z**2 - 13. Let n(c) = -c**3 + 6*c**2 - c - 12. Let l(x) = -6*n(x) + 5*p(x). Calculate the remainder when 33 is divided by l(5).
9
Suppose -5*h + m + 3 = -9, h + m = 0. Suppose -5*b = -23 - h. Suppose 22 = b*q - 23. What is the remainder when 25 is divided by q?
7
Let f(b) = b**3 + 6*b**2 + 2*b - 3. What is the remainder when f(-3) is divided by 4?
2
Let q be (-1 - -1) + 5 + -2. Suppose 4*o - 164 = 4*u - 0*u, q*o - 124 = 2*u. What is the remainder when o is divided by 15?
12
Suppose 3*z + 2*o = 51, 4*z + 0*o = 5*o + 68. Calculate the remainder when 42 is divided by z.
8
Let a = -19 + 27. Suppose 0 + a = -4*w. What is the remainder when 31 is divided by (-38)/w - (-2 - -5)?
15
Let i = -4 + 12. Let f be (1 + -2)*(3 - 2). Let u(s) = -23*s. What is the remainder when u(f) is divided by i?
7
Let g(s) = s**2 + 3*s - 5. Let o(v) = 1. Let m(c) = g(c) + 3*o(c). What is the remainder when (-1)/(-2)*-1*-62 is divided by m(-6)?
15
Suppose -180 - 75 = -5*y. Calculate the remainder when y is divided by 13.
12
Suppose -3*h + 8*h - 5*m = 500, -310 = -3*h - 2*m. What is the remainder when h is divided by 21?
18
Suppose -45*p + 48*p - 60 = 0. What is the remainder when p is divided by 13?
7
Suppose -x = -3*x + 20. What is the remainder when 49 is divided by x?
9
Let j = -68 + 97. Suppose j = 5*r + 4*q, 2 = -3*r - q + 18. Suppose 20 = r*s - 5. What is the remainder when 9 is divided by s?
4
Let d = -3 + 5. Suppose -13 = 2*y - 3*t, 2*y - t = 5*y + 3. What is the remainder when d is divided by 0 + (-1 - 0 - y)?
0
Suppose 108 = 3*s + s. Let m(t) = t**2 + 12*t + 1. Calculate the remainder when s is divided by m(-13).
13
Suppose 2*a = 3*a - 11. Suppose 4 + 6 = 5*k. Calculate the remainder when 0 - -19 - k/(-1) is divided by a.
10
Let s(v) = -16*v + 1. Suppose -3*n = -n + 2. What is the remainder when s(n) is divided by 4?
1
Suppose -2 = 2*r, c + r = 3*r + 11. Let x = 51 - 25. Calculate the remainder when x is divided by c.
8
Let v = -12 - -39. Calculate the remainder when 105 is divided by v.
24
Suppose -5*i = -41 - 24. Calculate the remainder when (18/(-7))/((-24)/224) + 1 is divided by i.
12
Suppose 0*k + 2*k - 127 = -5*r, 3*k + 4*r - 173 = 0. What is the remainder when k is divided by 27?
24
Suppose x = 2*x + 3*i - 29, 4*x - 142 = i. Calculate the remainder when x is divided by 12.
11
Suppose 2*i + 2*l + 0*l - 8 = 0, -47 = -5*i + 4*l. Calculate the remainder when 20 is divided by i.
6
Suppose 0 = -9*h + 4*h + 15. Let t(s) = -4*s**2 - 4*s - 3. Let q(l) = -l - 1. Let n(b) = 5*q(b) - t(b). Calculate the remainder when n(h) is divided by 16.
15
Suppose -2*g - 4 = -50. Let i(j) be the third derivative of j**6/120 - j**5/20 + j**4/8 + 2*j**3/3 + j**2. What is the remainder when g is divided by i(3)?
10
Suppose 4*l - 6 - 286 = 0. What is the remainder when l is divided by 19?
16
What is the remainder when 6/21 - 453/(-7) is divided by 22?
21
Suppose 41*r - 300 = 31*r. Let y = -11 - -19. What is the remainder when r is divided by y?
6
Suppose 10 = -3*c - 2*v, -c - 3*c - 15 = 3*v. Suppose c = -0*a - 4*a + 8. What is the remainder when (4/6)/(a/12) is divided by 3?
1
Suppose 5*h + t - 32 + 3 = 0, t = 4*h - 16. What is the remainder when 8 is divided by h?
3
Let m be 64/2 + 1 + -1. Suppose -2*s + 47 = s + 2*j, 2*s + j - 32 = 0. Let x = m - s. What is the remainder when 43 is divided by x?
13
Let r(o) = -o**3 + 8*o**2 - 4*o - 12. Let c = 11 - 8. Calculate the remainder when r(7) is divided by c.
0
Let q = 15 - -6. Calculate the remainder when 80 is divided by q.
17
Let l = 141 - 5. What is the remainder when l is divided by 35?
31
Suppose -5*a + 22 = q, -q = -4*q + 3*a + 84. What is the remainder when q is divided by 14?
13
Suppose m + 2*m = 0, 4*m - 50 = -5*x. Calculate the remainder when 38 is divided by x.
8
Suppose 5*h + 15 = -3*n, 5*h - h = 5*n + 25. Let i(d) = d**3 + 7*d**2 + 3*d - 4. Let f be i(n). Let y = -14 + f. Calculate the remainder when y is divided by 6.
5
Suppose -400 = -4*h + 4*i, 4*i = -3*h + 311 - 32. What is the remainder when h is divided by 20?
17
Calculate the remainder when (-2)/8 + (-101)/(-4) is divided by (-3 - -2)/(4/(-56)).
11
Suppose m - 5*z = 4*m - 68, -z - 67 = -2*m. Let w = 47 - m. Calculate the remainder when 47 is divided by w.
15
Let v = 52 + -24. Suppose -3*a + 45 = f, 2*f + 30 = 2*a - 0*f. What is the remainder when v is divided by a?
13
Let y = 5 + -21. Suppose -65 + 198 = 5*o - t, -2*o - 3*t = -43. Let x = o + y. What is the remainder when 28 is divided by x?
8
Suppose 3*u + 10 = 4*r + 30, 0 = -5*u - r + 18. Calculate the remainder when 6 is divided by u.
2
Suppose -30 - 9 = -h. Let q be ((-6)/(-4))/((-9)/(-48)). Suppose 2*w = 3*i - q*i + 45, 4*w - 2*i = 78. Calculate the remainder when h is divided by w.
19
What is the remainder when 16 is divided by (-8)/(-6)*330/40?
5
Suppose -3 = -2*f + 1. Suppose -4*y + 2*c + 108 = 0, 22 = y - 3*c - 15. Calculate the remainder when y is divided by f + (-3 - 20/(-2)).
7
Suppose 17 - 5 = -g - 5*d, g - 9 = 2*d. Suppose 0 = -0*p + 2*p - 5*t - 53, -2*p + 29 = g*t. What is the remainder when p is divided by (-2 + -3 + 0)*(-3 - -1)?
9
Let o(c) = 2*c**2 + 3*c + 3. Let v be o(-2). Let k = v - 3. Suppose k*j - 35 = -3*j. What is the remainder when 